 146 = s + s + 4*u. What are the prime factors of s?
5, 13
List the prime factors of (-58130)/(-28) + (-3)/42.
2, 3, 173
Let l be ((-4)/(-6))/((-6)/261). Let q = l + 19. Let u = 29 + q. List the prime factors of u.
19
Let i be 1092/49*35/2. Suppose 5*f = -3*b + i, b = -f - 0*f + 80. Suppose -a - f = -6*a. List the prime factors of a.
3, 5
Suppose -3*g = 2*g + 15. Let n be 3 + 3 - (-2 - g). Suppose -5*j + 3 = 13, n*r - 4*j - 68 = 0. List the prime factors of r.
2, 3
Let g be -3 - (-12 + 2)*1. What are the prime factors of 2180/35 + (-2)/g?
2, 31
Let z be ((-3)/((-6)/(-8)))/(-2). Suppose 12 = 4*u, u - z*u - 47 = -5*q. What are the prime factors of q?
2, 5
List the prime factors of 5804/10 - 3/(-5).
7, 83
Let j be (-1 - (-3)/3)/2. Suppose -5*n = -j*n. Suppose 4*o - 43 - 41 = n. List the prime factors of o.
3, 7
What are the prime factors of (-2)/6 + (-1)/3*-196?
5, 13
Let p = -22 - -57. List the prime factors of p.
5, 7
Let n(i) = i**3 - 15*i**2 - 23*i + 8. List the prime factors of n(19).
5, 7, 29
Let z = 125 + -214. Let l = 108 + z. List the prime factors of l.
19
Let z(i) = 2*i**2 - 2*i. Let w be z(-4). Suppose x = -0*x + 5*f + 4, -5*f = -5*x + w. What are the prime factors of x?
3
Suppose 3 = -5*k + 2*l + 1411, 1380 = 5*k + 5*l. Suppose 0 = r + 3*r - k. Suppose r = -0*s + 5*s. List the prime factors of s.
2, 7
Let f be (-4)/(-6) + (-25)/(-3). Let u(v) = 2*v**2 - 6*v - 12. Let x be u(f). List the prime factors of (-12)/3 + x/4.
2, 5
Let q(g) = -g**2. Let m(w) = -2*w**3 + 7*w**2 + 10*w - 10. Let i(a) = -m(a) - 4*q(a). List the prime factors of i(4).
2, 5
Suppose 7*s = 4*m + 5*s - 4284, -2152 = -2*m - 4*s. List the prime factors of m.
2, 67
Suppose -4*u = -8, 15*j - 4*u - 1816 = 13*j. List the prime factors of j.
2, 3, 19
Suppose -4*d - 296 = 2*i, -4*d = -3*i + 2*i - 172. Let x = -56 - i. What are the prime factors of x?
2, 5
Let i(x) = -10*x**2 - 6*x + 1. Let t be i(-4). Let s = -75 - t. What are the prime factors of s?
2, 3, 5
Suppose -b + 3*b + 370 = 3*x, 488 = 4*x - 4*b. Let y be x/35*500/6. Suppose -5*q - 5*u + y = 0, -q - 3*u = -3*q + 120. What are the prime factors of q?
2, 3, 5
Suppose 6*l + 302 = -22. Let a = l - -151. List the prime factors of a.
97
Let o = 21 - 13. Suppose 24 = -2*q + o*q. Suppose -5*c = v - 63, -4*v = -q*c - v + 58. List the prime factors of c.
13
Let g(d) = -18 + 31 - 18 + 143*d. What are the prime factors of g(1)?
2, 3, 23
Let c = -46 + 66. Suppose -4*q + c = q. Suppose 0*d + 36 = q*d. What are the prime factors of d?
3
Let j = 2489 - 1385. What are the prime factors of j?
2, 3, 23
Suppose 2*c - 106 = 182. Suppose -5*q + 2*n = -c, 9*q - 18 = 8*q + 4*n. List the prime factors of q.
2, 3, 5
Let g = 272 - 204. What are the prime factors of g?
2, 17
Let o = 28 - 25. Suppose o*m - 112 = -2*j, -2*j + 0*m + 132 = -2*m. Suppose j = h - 4*q + 4, -4*q - 232 = -4*h. List the prime factors of h.
2, 29
Let d = 118 - 68. Suppose 4*s = k - d, k + s - 2*s = 38. What are the prime factors of k?
2, 17
Suppose 132*z = 111*z + 9891. List the prime factors of z.
3, 157
Suppose -4*o = -m - 3693, 4*o - 1833 = 2*o + 5*m. What are the prime factors of o?
2, 3, 7, 11
Let j = -2713 - -4277. What are the prime factors of j?
2, 17, 23
Suppose 0 = 4*r - 2673 - 1831. List the prime factors of r.
2, 563
Let k = 8 + -1. Suppose m + 2*z - k + 1 = 0, 4*m + 2*z = 6. Suppose -2*h + 51 + 45 = m. List the prime factors of h.
2, 3
Suppose 14*v + 12 = 16*v. What are the prime factors of 845/v + 8/48?
3, 47
Suppose -4*t + 4*y = y - 1363, 5*t + 4*y = 1696. What are the prime factors of t?
2, 5, 17
Suppose 20*p + 4505 = v + 1674, -5*v = -5*p - 14155. What are the prime factors of v?
19, 149
Suppose 5*v = 33 + 17. Let u(k) = k**3 - 10*k**2 + 9*k + 14. What are the prime factors of u(v)?
2, 13
Let p = -46 - -21. Let h(s) = s**2 - 5*s. Let v be h(10). Let l = v + p. List the prime factors of l.
5
Suppose -14*t + 11704 = -5474. What are the prime factors of t?
3, 409
Let j(y) = 6*y**2 - 4*y + 5. Let q be j(1). Let h(l) = 4*l**2 + 5*l + 2. What are the prime factors of h(q)?
233
Suppose -2434 - 228 = -3*l + 2*u, 4*l - 3548 = 4*u. What are the prime factors of l?
2, 3, 37
Let n(b) = -15*b - 2. Suppose -5*w + 0*w = -45. Let z = -12 + w. What are the prime factors of n(z)?
43
Let g = -19 - -16. Let t = 20 + g. Suppose t = 3*y - 10. What are the prime factors of y?
3
Let n(w) = -2*w**2 - 6*w - 9. Let c be 7*(2 - 60/21). Let o be n(c). Let r = o - -86. What are the prime factors of r?
41
List the prime factors of (-110920)/(-70) - 12/21.
2, 3, 11
Let r(q) be the second derivative of q**4/4 - 11*q**3/3 + 9*q**2 + 43*q. What are the prime factors of r(9)?
3, 7
What are the prime factors of (567 - 2) + -1 + -3?
3, 11, 17
Suppose 5*s = 5*f - 3890, 8*f - 1550 = 6*f - s. List the prime factors of f.
2, 97
List the prime factors of (-4)/2 + (-4 - -526).
2, 5, 13
Let x(j) = -j + 6. Let l be x(3). Suppose -2*b - l*b + q = -160, -b = -2*q - 41. What are the prime factors of b?
31
Let s(w) = 11*w**2 + 22*w + 10. What are the prime factors of s(-8)?
2, 269
Let b(g) = 121*g**2 + 9*g + 48. List the prime factors of b(-4).
2, 487
Let v = -321 + 953. What are the prime factors of v?
2, 79
Let o = 20 + -17. Suppose 2*v - 1 = -o*t + 4, 4*v + 5 = -t. What are the prime factors of (-2 - 15/v)*4?
2, 11
Let z be 1/(-4) + (-42)/(-8). Suppose 2*l + 5*k - 169 = 0, -4*l + z*k + 59 + 204 = 0. What are the prime factors of l?
2, 3
Suppose 0 = -4*x + m + 15, 2*m = -1 + 11. Let t(u) = -2*u + 3. Let c be t(x). Let o = c - -17. List the prime factors of o.
2, 5
Suppose 4*y - 4352 = -2*d, d + 0*d = 5*y - 5440. List the prime factors of y.
2, 17
Let x = 46 + -3. Suppose -x*k - 124 = -45*k. List the prime factors of k.
2, 31
Let g be 63 - (0 - (3 - 0)). Let n be g/(-5) + 4/(-5). Let d = 16 + n. List the prime factors of d.
2
Let l = -12 + 11. Let r be ((-6)/2 - l)*11. Let i = 44 + r. What are the prime factors of i?
2, 11
Let q be ((-2)/(-8))/(1/188). Suppose -3*m + 5*a + 331 = 0, -m + q = 3*a - 54. What are the prime factors of m?
107
Suppose 63*j - 69*j = -8382. What are the prime factors of j?
11, 127
Let g(w) = 838*w**2 + 45*w + 4. List the prime factors of g(-2).
2, 23, 71
List the prime factors of (-1 - 3) + 12/16*612.
5, 7, 13
Let l(w) = -3*w**2 + 158*w + 55. List the prime factors of l(35).
2, 5, 191
Suppose 4*o = -388 + 2236. List the prime factors of o.
2, 3, 7, 11
Let q(z) = 3*z**3 + 3*z**2 + 17*z - 51. List the prime factors of q(5).
2, 11
Suppose -1196*b + 1193*b = -3720. List the prime factors of b.
2, 5, 31
Suppose 0*v - 6 = -6*v. Let i(h) = 109*h - 5. List the prime factors of i(v).
2, 13
What are the prime factors of 33/9*87 - 1?
2, 3, 53
Let z = 2872 + -2868. Let m = 3 + 0. Suppose 0 = z*t - 5*l - 59, -m*t = 4*l - 0*l - 52. List the prime factors of t.
2
Let p be -20*2/12*(-6)/4. Let k = -98 - -168. Suppose 0*b + k = p*b. List the prime factors of b.
2, 7
Suppose 0 = i - 4, 3*i - 14 = l - i. Suppose 0 = -l*m - 2 + 6, t - 2*m + 4 = 0. List the prime factors of (-2 + 1)*(t - 31).
31
Let w(y) = 2*y**2 - 27*y + 11. Let k be w(13). What are the prime factors of 23/k*-2 - 1?
2, 11
Let z be 22/6 - 1/(-3). Suppose z*n + s = -0*n + 33, 3*n + 5*s = 46. Suppose n*k - 160 = 2*k + 3*y, -4*y = 0. What are the prime factors of k?
2
Let f be (-1)/(4/672*-2). Let z(t) = t**3 + 4*t**2 + t + 4. Let u be z(-4). Suppose 0 = -u*h + 3*h - f. What are the prime factors of h?
2, 7
Let o(i) = -i**3 + 5*i**2. Let d be o(5). Suppose 3*x + d*x = -96. Let f = 54 + x. List the prime factors of f.
2, 11
Suppose -n = -2*n - 3, -3*z + 5*n - 378 = 0. Let o = -65 - z. What are the prime factors of o?
2, 3, 11
What are the prime factors of (178902/(-36))/(15/(-10))?
3313
Let l be (-5 - (-80)/15)/((-1)/(-39)). Suppose -l*w + 9*w + 984 = 0. List the prime factors of w.
2, 3, 41
Suppose -4*n = -5*s + 3288 + 5007, 4*n = 0. What are the prime factors of s?
3, 7, 79
Let k = -53 + 55. Let w(g) = 8*g**3 + 2*g**2 + 1. What are the prime factors of w(k)?
73
Suppose 0 = -2*x - 4*o + 238, 9*x - 4*x = -4*o + 601. What are the prime factors of x?
11
Let w = -8 - -14. Suppose 3*r - w = 24. Suppose -5*c + 130 - r = 0. List the prime factors of c.
2, 3
Suppose -12 = 4*c, 2*l + 3*c + 105 = -0*l. Let q = 95 + l. What are the prime fac